 when 0 - -122 - (-3 + a)/2 is divided by 22?
16
Suppose 5*h - 1000 = -18*g + 17*g, -5*h = 2*g - 1005. What is the remainder when 619 is divided by h?
22
Let w(p) = p**2 - p + 93. Suppose -243 = -5*r + 4*q, 118*r + 96 = 120*r - 2*q. What is the remainder when w(0) is divided by r?
42
Let i be (6/(-4))/(1 + 222/(-204)). Suppose -3*u - 105 = 4*z, z = 2*u - 1 - i. Let h = -19 - z. Calculate the remainder when 14 is divided by h.
4
Let l be (113 - 23)*4/(-10). Let k = 115 - l. Calculate the remainder when k is divided by 36.
7
Suppose 52*d - 68 = 18*d. What is the remainder when 64 - (1 + 0) - (-3 + d) is divided by 23?
18
Let y be (225 - (1 + -8))/2. Let u = y - 74. Calculate the remainder when 63 is divided by u.
21
Let p = -148 + 150. Let m(j) be the second derivative of 7*j**5/20 - j**4/6 - j**3/2 + j**2 - 2*j. What is the remainder when m(p) is divided by 15?
14
Suppose 0 = 2*w + w - 54. Let f = 8754 - 8704. What is the remainder when f is divided by w?
14
Let q = 15293 - 15271. What is the remainder when 671 is divided by q?
11
Let k be 9/(-3) + -2 + (3 - 30). Let c be (-1 + -1)/(k/48). Suppose -2*b + c*d + 11 = -12, 4*b = -4*d + 76. What is the remainder when 28 is divided by b?
12
Let k = 7437 + -6927. What is the remainder when 1582 is divided by k?
52
Suppose 5*v + 142 + 36 = 4*u, -6 = -3*v. Suppose -2*d - 3*i + 54 = 0, -3*d - i + u = -5*i. Calculate the remainder when 30 is divided by 4/((d/(-6))/(-7)).
6
Let f = 158 + -34. Suppose f = w + 2*a, 3*a + 79 + 45 = w. Suppose -11*l + 7*l = -w. Calculate the remainder when l is divided by 17.
14
Let n(a) = -a**3 + 3*a - 3. Suppose -35*z + 1422 = 685 - 1048. Calculate the remainder when z is divided by n(-3).
6
Suppose 15*x - 4999 + 4924 = 0. Calculate the remainder when 7422 is divided by x.
2
Calculate the remainder when 294 is divided by (-506 - -499)*(-124)/14.
46
Let w = -10 + 19. Let x = 2028 - 1959. Calculate the remainder when x is divided by w.
6
Let s(z) = 2*z**3 - 24*z**2 + 23*z + 8. Let c(g) = 7*g**3 + g**2 - 3*g + 5. Calculate the remainder when c(2) is divided by s(11).
2
Let p(a) = 3*a + 197. Suppose 0 = -i - 5*i + 36. What is the remainder when p(i) is divided by 109?
106
Suppose -j - 11 = -3*j + 3*q, -4*j + 4*q + 12 = 0. Let l(h) = -37*h - 47. What is the remainder when 95 is divided by l(j)?
14
Let d = 121 + 119. Let r = d - 228. Let g = -7 + 25. What is the remainder when g is divided by r?
6
Suppose -16*m = -34*m + 5*m + 1404. Suppose -112 = -5*s + 3*s. What is the remainder when m is divided by s?
52
Let p = 259 - 159. Let k = -217 + 311. Suppose k*b - 52 = 92*b. What is the remainder when p is divided by b?
22
Let z(o) = 3*o**2 - 11*o + 16. Let v be z(3). Suppose 0 = -v*n + 22*n - 708. Calculate the remainder when n is divided by 10.
9
Let n(c) = 16*c**2 - 20*c - 28. Let k(y) = -14*y**2 + 20*y + 27. Let a(v) = -7*k(v) - 6*n(v). What is the remainder when a(13) is divided by 17?
6
Let o(a) = 7*a - 31. Let w be (-3)/12 + (-81)/12. Let i be 14/(-3)*(w - (-22)/4). Calculate the remainder when 106 is divided by o(i).
16
Let k = -6 + 32. Let y(p) = 9*p**2 - 4*p + 10. Let v be y(4). Suppose q = 3*i - 2*i - 78, v = 2*i + 4*q. What is the remainder when i is divided by k?
23
Let g = 37828 + -37524. Calculate the remainder when g is divided by 157.
147
Let r(m) = -310*m + 3868. What is the remainder when 1316 is divided by r(12)?
132
Let s be (90/27)/((-8)/(-804)). Suppose -105 - s = -11*t. Calculate the remainder when 239 is divided by t.
39
Let l = 466 + 199. Calculate the remainder when l is divided by 113.
100
Let w = -184 + 259. Suppose 4*a = -2*r + r + w, a - 40 = 4*r. What is the remainder when 218 is divided by a?
18
Suppose -3*p + 4*p + 5*k = 14, 0 = -4*p + k + 77. Let x = -18 + 62. Suppose -4*d - x = -9*n + 5*n, -5*n = d - 61. What is the remainder when p is divided by n?
7
What is the remainder when 123 is divided by (16 + -2)*18*28/504?
11
Suppose 5*i = -4*n + 19020, -5*n + 5*i + 12461 = -11224. What is the remainder when n is divided by 24?
17
Suppose 5*m - 45 = 4*n, 15 = 2*m - 17*n + 16*n. Let y(t) = -t**3 + 8*t**2 + 10*t + 13. What is the remainder when y(9) is divided by m?
2
Let a be 1*6*4/6. Let v = -7041 + 7044. Suppose -a*b - 5*l = b - 365, 5*b - 333 = v*l. Calculate the remainder when b is divided by 35.
34
Let k be -4 + (-55)/(-5) + 25. Suppose k*w = 6*w + 962. Calculate the remainder when 292 is divided by w.
33
Suppose -1453*a = -1423*a - 84090. Calculate the remainder when a is divided by 82.
15
Let q = 211 + -207. Suppose -b + s = -357, q*b + 162 - 1590 = -s. What is the remainder when b is divided by 9?
6
Suppose 4262*m - 7210 = 4255*m. Calculate the remainder when m is divided by 343.
1
Let u(c) = 54*c**2 + 15*c - 39. Let v be u(3). Let t = v - 269. What is the remainder when t is divided by 28?
27
Suppose -10166 = -40*j + 13*j - 19*j. Calculate the remainder when j is divided by 8.
5
Let u = -464 - -655. Suppose 2*j + 5*n + 612 = n, -5*n = 25. What is the remainder when u is divided by j/18*-3 + 4/(-3)?
47
Suppose -5*w + r = -3*r - 261, -5*r + 176 = 4*w. Let s(b) = -64*b**2 - 2369*b + 102. Calculate the remainder when s(-37) is divided by w.
41
Let h be ((-40)/(-32))/((-33)/16 - -2). What is the remainder when 60 is divided by (-180)/(-8) + h/(-8)?
10
Let z be 67/1 - 4 - -4. Suppose -z*s + 54 = -64*s. Calculate the remainder when 161 is divided by s.
17
Suppose 0*m - 12 = -4*m. Suppose 4*s + 5*a - 204 = 0, -3*s - 2*a + 172 = -m*a. What is the remainder when s is divided by 26?
4
Let t(w) = 117*w**3 - 2*w**2 + 2*w - 1. Let y(m) = -2*m**2 + 29*m + 1172. What is the remainder when t(1) is divided by y(32)?
12
Let f(i) be the first derivative of -i**3/3 - 3*i**2 - 13*i - 9. Let m be f(7). Let a = -59 - m. What is the remainder when a is divided by 24?
21
Let l = -43 - -79. Calculate the remainder when 143 is divided by l/(-108) - (-446)/6.
69
Suppose 37*h = 108 + 225. Let b(x) = 100*x - 23. Calculate the remainder when b(4) is divided by h.
8
Let b = -56 + 60. Let x(n) = 0*n + 3*n - 5*n - 8 + 5 + b*n**2. What is the remainder when 132 is divided by x(3)?
24
Let d(a) = -14*a - 2. Let k be d(-1). Suppose 4*t + u - 36 = 0, 5*u - 8 = k. Suppose 122*p - 75 = 117*p. What is the remainder when p is divided by t?
7
Suppose -2*c - 1706 = -4*n, -1711 = -4*n + 9*c - 8*c. Calculate the remainder when n is divided by 24.
21
Suppose z - 5*s = 100 + 316, 20 = -5*s. Suppose -5*x + z = -19. Let l = x - 6. Calculate the remainder when l is divided by 16.
13
Calculate the remainder when 9/(459/6) + 3 + (-12678)/(-34) is divided by 183.
10
Suppose -2 = s - 2*s. Suppose -3*n - s*n + 430 = 0. Calculate the remainder when n is divided by 50/(-775) + (-901)/(-31).
28
Let t(w) = w**2 - 30*w + 3. Let n be t(30). Suppose -2*q + 197 = 3*q + n*g, -q + 2*g = -29. Calculate the remainder when q is divided by 19.
18
Suppose -162352 = -192*g + 158397 - 109. Calculate the remainder when g is divided by 282.
260
Let f(z) = 177*z - 59. Let g be f(5). Suppose 328 = 2*y - g. What is the remainder when y is divided by 29?
26
Suppose -5*z = -5*m - 13960 - 2245, 4*z - 3*m = 12960. What is the remainder when z is divided by 72?
69
Let p(i) = 4*i + 18. Let h be p(-4). Suppose -5*r + 141 = o + h*o, 5*o - 135 = -5*r. What is the remainder when r is divided by 11?
8
Suppose -300 = -4*d + 5*j, -3*d - 3*j + 225 = j. What is the remainder when d is divided by ((-25)/(-50))/((-1)/(-16))?
3
Suppose 4*n = 3*h - 5040, 0*h = h + n - 1680. Suppose -6*k = k - h. Suppose 6*o = 2*o + k. Calculate the remainder when o is divided by 16.
12
Let v = -619 - -575. Let h = 241 + v. Calculate the remainder when h is divided by 67.
63
Suppose 6*u = 26*u + 13300. Let f = u - -722. Calculate the remainder when f is divided by 34.
23
Let f be (-9)/(-3)*(-1)/(-1). Suppose 0 = f*g - 4*g + 4. What is the remainder when 78/169*(-8 + 21) is divided by g?
2
Suppose 603*a - 596*a = -3640. Let y = 550 + a. What is the remainder when 297 is divided by y?
27
Suppose -829*z - 8519 = -836*z. What is the remainder when z is divided by 67?
11
Calculate the remainder when 573 is divided by (6/(-7))/((9/(-15))/((-12502)/(-95))).
9
Let q = -493 + 773. Suppose -222*w + q = -212*w. What is the remainder when (2 - 0 - 3)*-54 is divided by w